 -28405. Let p be w/189 - 2/7. Suppose 95 + p = 7*i. What is the remainder when 94 is divided by i?
14
Let w be (-3)/5*(-24 + -1)/5. Let o(x) = -x**2 + 6*x - 3. What is the remainder when 21 is divided by o(w)?
3
What is the remainder when (-94 - -3)/13 - (-608 - -1) is divided by 208?
184
Suppose 3*z - 9 = 0, x - 3*z - 110 = z. Let h = x + 19. Calculate the remainder when h is divided by 46.
3
Suppose -4*a + 1514 = 2*x, 10 + 1872 = 5*a - x. What is the remainder when a is divided by 56?
41
Let w = 3497 + -3399. What is the remainder when 481 is divided by w?
89
Suppose 6*k - 18 = -0*k. Suppose 26 = -5*l - k*o + 101, 0 = -2*l + 5*o + 61. Let c = 147 - 77. What is the remainder when c is divided by l?
16
Suppose -5*z = 12*a - 13*a + 239, z - 1124 = -4*a. Suppose -2*j = -2*h - 0*h - 40, -2*h = 0. What is the remainder when a is divided by j?
19
Suppose 668105 + 574520 = 598*n + 347419. Calculate the remainder when n is divided by 25.
22
Suppose 73 = 5*l + g + 2*g, 2*l + 2*g - 30 = 0. Let c be 1 + (2 - 1) + -136. Let a = c - -271. What is the remainder when a is divided by l?
11
Suppose -2415*o = -2251*o - 31488. Calculate the remainder when o is divided by 32.
0
Let w(j) = j**2 + 3*j - 12. Let c be w(-15). Suppose 1353 = 13*r - c. What is the remainder when r is divided by 12?
9
Suppose 4*f + 361 + 135 = x, 3*x - 1496 = 4*f. Calculate the remainder when x is divided by 18.
14
What is the remainder when -15 + -1 - (-11596)/26 is divided by 425?
5
Let r(z) = 6*z**2 + z - 1. Let o be r(1). Let k be o/4 + (-10)/(-4). Calculate the remainder when k/((-12)/(-255)) - -2 is divided by 30.
27
Let b = 4629 - 4595. Calculate the remainder when 41 is divided by b.
7
Let q(r) = r**3 + 16*r**2 - 11*r + 458. Suppose 5*h = 3*h + 504. What is the remainder when h is divided by q(-18)?
4
Let u be (-3)/(-4 - (-52)/16). Let y = -33 - -46. What is the remainder when (37/(-4))/(u/(-16)) is divided by y?
11
Let p = 2807 - 1839. Calculate the remainder when p is divided by 17.
16
Calculate the remainder when 115 is divided by (-22168)/(-1141)*(-2)/((-4)/7).
47
Suppose -2*g + 74 = -0. Suppose 4 = r - 475. What is the remainder when r is divided by g?
35
Let r = 13756 + -12439. Calculate the remainder when r is divided by 77.
8
Let c = 12 - 3. Suppose -536 = 15*j - 3581. Suppose -3*k + j = 4*k. What is the remainder when k is divided by c?
2
Suppose 51*x + 3*p - 45 = 48*x, -2*p - 30 = -x. Let a(f) = -f**3 - 5*f**2 - 6*f. Let d be a(-4). Calculate the remainder when 0 + -1 - d*-15 is divided by x.
19
Let l = 506 - 441. Suppose -100*r + 245 = -99*r. What is the remainder when r is divided by l?
50
Suppose -104*b + 103*b = -52. Suppose -398 - b = -25*l. What is the remainder when 719 is divided by l?
17
Let p(a) = -68*a**3 + 0*a + a + 2 - 1. Let j be ((-3)/(-2))/(1/((-30)/45)). What is the remainder when p(j) is divided by 18?
14
Let k(n) be the first derivative of -n**3/3 - 3*n**2/2 + 38*n - 174. What is the remainder when 75 is divided by k(-5)?
19
Let q(g) = 5*g + 1. Suppose -6*z - 5*t + 1233 = -2*z, -3*z = 5*t - 926. Suppose -6*h + 337 - z = 0. What is the remainder when q(1) is divided by h?
1
Let j(g) = -15*g + 1184. Let q be (-14 + (0 - 1))*1. Calculate the remainder when j(69) is divided by 54/(-3)*q/9.
29
Let b(w) = -w**3 - 18*w**2 + 57*w + 15. Let a be b(-21). Let c = a - 103. What is the remainder when c is divided by 13?
12
Let w be ((-175)/(-5))/(1/(-2 + 6)). Let d = -220 + w. Let b = 107 + d. What is the remainder when 161 is divided by b?
26
Suppose -6 = -6*g - 0. Suppose -c + 4*m - g = -2*c, 2*c + 3*m - 7 = 0. Suppose -22 + 497 = c*v. Calculate the remainder when v is divided by 12.
11
Suppose 11*q - 44*q + 3014 - 209 = 0. What is the remainder when 203 is divided by q?
33
Suppose -39*u + 44*u - 10 = 0. Suppose -u*a + 5*a = l - 21, 185 = 5*l + a. Let p = 6 + l. What is the remainder when 163 is divided by p?
37
Let q = 797 - 794. Suppose q*n - 189 = -0*z - 3*z, 0 = -3*n + z + 177. Calculate the remainder when n is divided by 24.
12
Let p(j) = 23*j**2 - 39*j - 34. Let n(l) = 12*l**2 - 21*l - 17. Let b(f) = -7*n(f) + 4*p(f). Calculate the remainder when b(-3) is divided by 21.
19
Let o(r) = 31*r**2 + 5*r - 6. Let i be o(1). What is the remainder when (-48)/10*(-3 + (-1935)/i) is divided by 8?
4
Let f(l) = -300*l**2 + 1 + 158*l**2 - 22*l**3 + 146*l**2 + 4*l. Suppose -33 = -4*x - 1. What is the remainder when f(-1) is divided by x?
7
Let g(n) = -3*n**2 - 29*n - 43. Let h = 7 + -5. Suppose 27 = h*u + u. Calculate the remainder when g(-7) is divided by u.
4
Suppose -4*j - b = 3615, -2465 = 5*j + 5*b + 2035. Let s = 914 + j. Calculate the remainder when s is divided by 10*(2 + -3)/(-2).
4
Let a(o) = -6*o**3 - 18*o**2 - 55*o + 35. Let x(c) = -4*c**3 - 8*c**2 - 28*c + 17. Let s(r) = 3*a(r) - 5*x(r). What is the remainder when s(9) is divided by 30?
29
Let q = 14396 - 13683. Let i = 96 + -45. What is the remainder when q is divided by i?
50
Let n(u) = u - 2. Suppose -10*b = -5*b + 10. Let h(s) = -s**3 + 4*s**2 + 2*s - 2. Let q be h(b). What is the remainder when 46 is divided by n(q)?
14
Suppose 0 = 44*m - 41*m - 3*j - 102, -2*j + 16 = 0. Calculate the remainder when 9741 is divided by m.
39
Let o(v) = -3785*v + 11385. Let f = -77 - -132. Calculate the remainder when f is divided by o(3).
25
Suppose 2*q - 4*n - 272 = 0, -93 = -2*q + 2*n + 167. Calculate the remainder when 1363 is divided by q.
123
Suppose 23*h = -67*h + 5220. Calculate the remainder when h is divided by 29.
0
Let u(a) = -a**3 + 10*a**2 + 70*a - 599. What is the remainder when 347 is divided by u(11)?
47
Let j(x) = 2*x**2 - 6*x - 9. Let u = -23 + 19. What is the remainder when j(u) is divided by (-41)/(-4) + (-3)/(-12)*-1?
7
What is the remainder when 782 is divided by -4 + 4 + 203/(5 + 2)?
28
Let o(t) = -89*t + 28. Let i be o(-10). Suppose 0 = 11*n + 6*n - i. What is the remainder when n is divided by 29?
25
Let y = 45 - 9. Let n(p) = 2*p + 14. Let v be n(-6). Calculate the remainder when 142 + (4/(-6))/(v/(-3)) is divided by y.
35
Let w(a) = a**2 + 1010*a + 233380. Calculate the remainder when w(-357) is divided by ((-106)/(-4))/((-1)/(-2)).
47
Suppose 0 = 2*x - 3*k + 614 - 624, -16 = -4*k. What is the remainder when x is divided by 9?
2
Let s = 256 - 246. Suppose -w = s*w - 187. Suppose 15 = 2*p + p. What is the remainder when w is divided by p?
2
Let k(i) = i**2 - 7*i - 16. Let q be k(-2). What is the remainder when (850/(-595))/(q/(-322)) is divided by 11?
10
Suppose -2869 = -3*z - 2*w, 3*z + 11*w = 12*w + 2872. What is the remainder when z is divided by 235?
17
Let p = 8 - 38. Let m = p + 35. Calculate the remainder when 60 is divided by ((-378)/(-15))/6*m.
18
Suppose -5*t + 39 = 3*d, 4*d + 12 = 2*t + 2*t. Let j(p) = -p**2 + 8*p - 9. Let b be j(t). Calculate the remainder when (-6 - b)/((-2)/8) is divided by 10.
6
Suppose 0 = 5*k + 5*r - 4*r - 70, -4*r - 95 = -5*k. Calculate the remainder when 387 is divided by k.
12
Let b = -132 - -197. Suppose -9 = 3*i, -6*i - 174 = -5*m - 3*i. Calculate the remainder when b is divided by m.
32
Let l(v) = -20 - 5*v - 9314*v**2 - 3*v**3 - 8*v + 4*v + 9306*v**2. Calculate the remainder when 30 is divided by l(-3).
14
Let t(g) = g**3 + 19*g**2 + 80*g + 749. Let y = 87 - 53. What is the remainder when t(-16) is divided by y?
33
Let t(x) = x**2 - 3*x + 3. Let q be t(4). Let z = 85 + q. What is the remainder when 19 is divided by z/10 - (-28)/35?
9
What is the remainder when 114 is divided by ((-80)/96)/(2/12) + 99?
20
Let u = 177 - 169. Let h(r) = r**2 - 9*r + 64. What is the remainder when 390 is divided by h(u)?
54
Let q be (-4)/(-6)*45/6. Suppose 0 = -q*s + 7*s. What is the remainder when 23 is divided by (s - 1) + 3*2?
3
Suppose 4*f + 0*f - 12 = 0. Suppose f = d - 14. Suppose 8*z - 411 + 68 - 177 = 0. What is the remainder when z is divided by d?
14
Suppose 4*x - g - 124 = 3*g, -61 = -x - 5*g. Calculate the remainder when (-205)/(-2) - 3 - 1652/472 - -5 is divided by x.
29
Let i be (92/(-5))/(21/(-105)). Let y = i - 82. Suppose 0 = -3*z + k + 139, -2*z + 2*k + 61 = -29. Calculate the remainder when z is divided by y.
7
Let q = -11 + -2. Let m = q - -50. Calculate the remainder when m is divided by 141/18 - (-1 + (-10)/(-12)).
5
Let g = -307 + 307. Suppose -